e prime factors of g.
2, 79
Suppose 0 = -4*k + 11 - 3. Suppose -5*y = p - 8, -y + 8 + 8 = k*p. What are the prime factors of (-28)/(-2)*4/p?
7
Suppose -14 = 3*y + 7. List the prime factors of -7*(26/y - -2).
2, 3
Let c(b) = -b**3 + b**2 + 3*b - 4. List the prime factors of c(-3).
23
Suppose 16*j - 15*j = 359. List the prime factors of j.
359
Let i = -9 - 1. Let j = i + 16. List the prime factors of j.
2, 3
What are the prime factors of (-864)/(-84) + (-4)/14?
2, 5
Let d be (80/6)/(10/30). Suppose -5*c = -c - d. List the prime factors of c.
2, 5
Let k(n) = -4*n - 14. Suppose 22 = -4*c - 2. What are the prime factors of k(c)?
2, 5
Suppose 0 = -5*d + 32 - 117. Let c = -12 - d. What are the prime factors of c?
5
Let y be 4/2 - (-4 - -4). Suppose 2*o = 4*d + 16, -2*o - 5*d = -0*d + y. Suppose o*x - s = -3*s + 12, 2*s + 4 = 0. List the prime factors of x.
2
Let s(g) = -g**2 - 5*g + 1. Let p be s(-4). Let l be 10/1 - (p - 4). Suppose r + l = 2*m, 0*r - 15 = -5*m - 5*r. List the prime factors of m.
2
Let k(o) be the second derivative of 0*o**2 - 2*o + 0 - 1/6*o**3. List the prime factors of k(-2).
2
Suppose -5*d = -b - 173, 5*b + 82 = 4*d - 48. What are the prime factors of d?
5, 7
Let t(r) = 2*r**2 - 2*r + 1. Let h be t(-3). Suppose h = 4*g + g. Suppose m = -g*q + 2*m + 50, q - 34 = 5*m. What are the prime factors of q?
3
Let s = -10 + 59. What are the prime factors of s?
7
Let w = -257 - -361. What are the prime factors of w?
2, 13
Let d(x) be the first derivative of -1/2*x**2 - 4*x - 1. What are the prime factors of d(-6)?
2
Suppose 2*n = 5*n - 33. Let f = 1 + n. What are the prime factors of f?
2, 3
Let a(k) = 16*k**2 + 8*k + 28. List the prime factors of a(-4).
2, 3, 7
Let a(z) = -z**2 - 4*z - 6. Let k be a(-4). Let q be (-50)/3*9/k. Suppose -2*l + q = 3*l. List the prime factors of l.
5
Let b be ((-4)/(-6))/(2/(-12)). Let z = -16 + 4. Let v = b - z. What are the prime factors of v?
2
What are the prime factors of 19*(0 + 1)*2?
2, 19
Let f be (0 - -1)/(1/5). Let j = f + -4. Let q = j - -3. List the prime factors of q.
2
Let j = -2 - -8. List the prime factors of (-9)/j - 162/(-4).
3, 13
Let k(q) = -q - 10. Let p be k(12). Let a = 4 - p. List the prime factors of a.
2, 13
Let l(w) = -w**3 + 10*w**2 - 2*w + 1. What are the prime factors of l(9)?
2
Let x be 1 - (-5 - (1 + -2)). Suppose -x + 0 = -2*j - k, 2*j - 5*k - 23 = 0. List the prime factors of j.
2
Suppose 4 + 1 = r. Let i = 0 + r. List the prime factors of i.
5
Let p(k) = k**2 + 5*k + 1. Suppose 0 + 3 = -i + 2*w, 3*w = -3. Let j(h) = 2*h + 4. Let d be j(i). What are the prime factors of p(d)?
7
Let i(m) = 2*m**3 - 8*m**2 + 19*m + 7. What are the prime factors of i(5)?
2, 19
Suppose 8*n - 53 - 99 = 0. List the prime factors of n.
19
Let m = -73 + 13. List the prime factors of ((m/2)/(-3))/2.
5
What are the prime factors of ((-87)/(-6) + -3)*4?
2, 23
Suppose 0*x = 4*x + 60. Let y = -9 - x. Suppose 3*z + 2*u - 15 = 0, -4*z + z + 5*u - y = 0. What are the prime factors of z?
3
Let f be 1 - (-6)/(-3) - 18. What are the prime factors of (-6)/6 + (0 - f)?
2, 3
Let u = -99 + 171. List the prime factors of u.
2, 3
Let s(h) = -h**3 + h + 1. Let w(a) = -a**3 - 7*a**2 + a + 6. Let g(t) = 2*s(t) - w(t). What are the prime factors of g(7)?
3
Suppose -144 = -3*u + 699. What are the prime factors of u?
281
Let h(x) = x - 3. Let p be h(6). Suppose 5*q - b = -p*b + 45, -3*q + 4*b + 27 = 0. Suppose v + 3 = q. What are the prime factors of v?
2, 3
Let w(f) = -f**3 - 7*f**2 - 7*f - 5. Let m be w(-7). Suppose -3*i - i = -m. List the prime factors of i.
11
Suppose 0 = 5*b - m - 0*m - 200, -4*b + 5*m = -160. What are the prime factors of b?
2, 5
Let w be (-52)/(-9) - (-6)/27. Let i(z) = -3*z. Let k be i(-1). What are the prime factors of k/6 + 9/w?
2
Let l(s) = 5*s + 44. What are the prime factors of l(8)?
2, 3, 7
Suppose 2*b = b - 3. Let c be (b - 2)*9/(-5). What are the prime factors of 12*c/(-24)*-2?
3
Suppose 0 = -3*a - 15, -2*a - 64 = v - 3*v. What are the prime factors of v?
3
Let w be (3/(-1))/(-3) - -69. Let p be w/6 + (-4)/(-12). Suppose -2*g - p = -4*g. List the prime factors of g.
2, 3
Suppose 4*s - 1 = 7. Suppose -t - 32 = -k - 4*k, 2*t = s*k - 24. Let b = -5 - t. List the prime factors of b.
2
Suppose 0*p - 4 = -2*p. Let l(m) = -3*m**2 + 3*m - 2. Let c be l(p). List the prime factors of (27/2)/((-6)/c).
2, 3
Let t(a) = a**2 - 24*a + 23. List the prime factors of t(24).
23
Let c(t) = 30*t - 10. List the prime factors of c(4).
2, 5, 11
Suppose -3*j = 2*j. Let v = 2 + j. Suppose 2*z - 2 = -4*r + v*r, -3*r + 4*z = -17. What are the prime factors of r?
3
Suppose -5*w + 28 = -3*u, 0*w = -u - 2*w - 24. Let g = u + 18. What are the prime factors of g?
2
Suppose 0 = a + 24 - 3. Suppose -2*o + 42 = -4*w, 3*w - 8 = 4*w + 2*o. Let f = w - a. List the prime factors of f.
11
Suppose -q = -4, 3*q - q = -4*p + 28. List the prime factors of 193/p - 6/(-15).
3, 13
Let j(a) = -6*a + 8. Let s be 126/(-35) - 4/10. List the prime factors of j(s).
2
Let q = 20 - 21. What are the prime factors of -1 + (26 - (q - 2))?
2, 7
Let w(q) = -q**2 - 7*q - 2. Let h be w(-6). Suppose 4 = h*a - 16. List the prime factors of a.
5
Suppose 0*h + h - 4 = 0. Suppose -h = p - 3*p. What are the prime factors of p?
2
Suppose 6*m - 3*x - 324 = 3*m, 4*m - 5*x - 433 = 0. What are the prime factors of m?
107
Suppose 0 = 9*r - 5*r - 548. List the prime factors of r.
137
Let r(o) = -o**3 + 4*o**2 - 2*o + 2. Let f = 6 + -4. Suppose -3 = -b + f*u + 1, 0 = b - u - 3. List the prime factors of r(b).
2, 3
Suppose 0 = -4*o - 46 + 258. What are the prime factors of o?
53
Let j be 3/(-1) + (5 - 2). Suppose 0 = c + 3*k - 33, -3*c + j*k + 57 = -5*k. List the prime factors of c.
2, 3
Suppose 2*h - 32 = 192. What are the prime factors of h?
2, 7
Suppose 6 = -3*m + 66. List the prime factors of m.
2, 5
Suppose -p + 242 + 63 = 0. What are the prime factors of p?
5, 61
Let k be (3/15)/(1/15). Suppose 4*a + 116 = 4*d, 15 = k*d + a - 80. What are the prime factors of d?
31
Let y be 22/(-165) + 2/15. Suppose -g + 3*g - 56 = y. What are the prime factors of g?
2, 7
Let l = 4 - 6. Let h = l + 6. List the prime factors of h.
2
Suppose 1 = 4*s - 3*s. Let o be (-35)/(-28) - s/4. What are the prime factors of (24 + -1)/(o/1)?
23
Suppose -3*o = -6*o + 396. What are the prime factors of o?
2, 3, 11
Let o(i) = 3*i + 3 - i**2 - 3*i**3 - 2*i - 2. Let f be o(-1). Let b(q) = 3*q**3 - 4*q**2 + 4*q - 3. What are the prime factors of b(f)?
13
Let h(n) = n**3 - 17*n**2 + 34*n - 14. What are the prime factors of h(15)?
2, 23
List the prime factors of 16540/70 + (2 - 16/7).
2, 59
Suppose -2*x + 5*x - 18 = 0. List the prime factors of x/(-4) + 58/4.
13
Let q = 9 + -3. Let t(o) = o - 4. What are the prime factors of t(q)?
2
List the prime factors of (-2)/17 + 12120/136.
89
Let l = 91 - -15. What are the prime factors of l?
2, 53
Let n(h) be the first derivative of h**6/180 - h**5/120 - h**4/24 + h**3/3 - 1. Let j(l) be the third derivative of n(l). What are the prime factors of j(-1)?
2
List the prime factors of -3*86/(-3) + -1.
5, 17
Suppose 2*f + 4 = 3*x - 2, 4*f = -2*x + 20. Suppose 4*v = 7*v. Suppose v*h = x*h - 16. List the prime factors of h.
2
Let y = 8 + 9. What are the prime factors of y?
17
Suppose -n - 3 = 5. Let o(z) be the second derivative of z**4/12 + 7*z**3/6 + z**2/2 - z. List the prime factors of o(n).
3
Let g(s) = -2*s**3 - 8*s**2 + 4*s + 15. What are the prime factors of g(-6)?
3, 5
Suppose 1 + 8 = 3*o. Suppose o*j - 4*l = 144, 0*j + j - 35 = -3*l. List the prime factors of j.
2, 11
Suppose h = 0, -4*h = -2*i + 6*i + 84. Let b = -15 - i. Let u = b - 3. What are the prime factors of u?
3
Suppose 4*m - 2*m = 22. Let l = m - 6. Suppose -3*n + n - l*r + 46 = 0, 34 = 2*n - r. What are the prime factors of n?
2, 3
Let o(b) = -12*b + 2. Let v be o(-2). Let g = v - 14. List the prime factors of g.
2, 3
Let q = 4 - -1. Let i(g) = -g**3 + 4*g**2 + 6*g. Let o be i(q). Let c = o + 7. What are the prime factors of c?
2, 3
Suppose -3*c + 232 = 28. What are the prime factors of c?
2, 17
Suppose 2*i + t - 231 = 0, -t = 5*i + t - 576. What are the prime factors of i?
2, 3, 19
Suppose 3*g = 25 + 11. Let d be 18/g*94/(-3). Let x = -29 - d. What are the prime factors of x?
2, 3
Suppose